
		
		
		
{"id":440,"date":"2014-10-30T11:56:31","date_gmt":"2014-10-30T09:56:31","guid":{"rendered":"http:\/\/www.spitalpsihiatrieborsa.ro\/?page_id=440"},"modified":"2026-01-22T15:31:31","modified_gmt":"2026-01-22T13:31:31","slug":"acces-in-uniate","status":"publish","type":"page","link":"https:\/\/www.spitalpsihiatrieborsa.ro\/?page_id=440","title":{"rendered":"Acces in unitate"},"content":{"rendered":"<table cellspacing=\"0\" cellpadding=\"0\" align=\"left\">\n<tbody>\n<tr>\n<td align=\"left\" valign=\"top\">\n<p style=\"text-align: center;\"><b>Accesul in cadrul unitatii, program de vizite<\/b><\/p>\n<p><b>\u00a0<\/b>ACCESUL IN CADRUL UNITATII:<\/p>\n<p>Accesul este posibil cu mijloace de transport in comun, autoturism .<\/p>\n<p>Pentru a parca autoturismul dumneavoastra puteti beneficia de parcarea exterioara a spitalului.<\/p>\n<p>Pentru persoanele cu dizabilitati sunt prevazute spatii speciale in parcarea exterioara a spitalului\u00a0 .<\/p>\n<p>Autovehicolele serviciului de ambulanta, autovehicolele personale sau alte vehicole care transporta<\/p>\n<p>persoane\u00a0 care nu se pot deplasa au acces\u00a0 in incinta spitalului.<\/p>\n<p>Se permite accesul autovehicolelor furnizorilor de produse si servicii in curtea spitalului, cu respectarea urmatoarelor conditii\u00a0:<\/p>\n<ul>\n<li><b>numai in baza contractelor incheiate<\/b><\/li>\n<li><b>pe baza legitimatiei de serviciu sau alta dovada<\/b><\/li>\n<\/ul>\n<p>Este strict interzisa blocarea caii de acces in unitate .<br \/>\nVa multumim pentru intelegere !<\/p>\n<p><b>\u00a0\u00a0\u00a0\u00a0\u00a0\u00a0\u00a0\u00a0\u00a0\u00a0\u00a0\u00a0\u00a0\u00a0\u00a0\u00a0\u00a0PROGRAM DE VIZITE \u00a0(In conformitate cu Ordinul M.S. 3670\/2022):<\/b><\/p>\n<div align=\"center\">\n<table border=\"1\" cellspacing=\"5\" cellpadding=\"0\">\n<tbody>\n<tr>\n<td valign=\"top\" width=\"481\">\n<p align=\"center\"><b>LUNI \u2013 VINERI:<\/b><\/p>\n<\/td>\n<td valign=\"top\" width=\"157\">\n<p align=\"center\"><b>11.00 \u2013 15.00<\/b><\/p>\n<\/td>\n<\/tr>\n<tr>\n<td width=\"481\">\n<p align=\"center\"><b>SAMBATA \u2013 DUMINICA:<\/b><\/p>\n<\/td>\n<td valign=\"top\" width=\"157\">\n<p align=\"center\"><b>11.00 \u2013 17.00<\/b><\/p>\n<\/td>\n<\/tr>\n<\/tbody>\n<\/table>\n<\/div>\n<p><strong>\u021ain\u00e2nd cont de:<\/strong><\/p>\n<p><strong>Adresa DSP Cluj nr.655\/21.01.2025 referitoare la debutul sezonului gripal \u0219i av\u00e2nd \u00een vedere contextul epidemiologic din \u021bar\u0103 precum \u0219i cre\u0219terea num\u0103rului de cazuri de viroz\u0103 respiratorie \u0219i de grip\u0103 \u00een jude\u021bul Cluj , la nivelul unitatilor sanitare se aplic\u0103 urmatoarele masuri:<\/strong><\/p>\n<ol>\n<li><strong> Realizarea triajului epidemiologic zilnic pentru personalul medical cu recomandarea de izolare la domiciliu a celor cu simptome respiratorii<\/strong><\/li>\n<\/ol>\n<p>2.<strong> Purtarea obligatorie a echipamentului de protec\u021bie (m\u0103\u0219ti, m\u0103nu\u0219i, halate) de c\u0103tre\u00a0 \u00a0 \u00a0 \u00a0 \u00a0 \u00a0 \u00a0 \u00a0 \u00a0 \u00a0 \u00a0personalul medical \u0219i apar\u021bin\u0103tori<\/strong><\/p>\n<ol start=\"3\">\n<li><strong> Restric\u021bionarea accesului apar\u021bin\u0103torilor \u00een unitatea sanitar\u0103. Se va permite accesul unui singur apar\u021bin\u0103tor pe o durat\u0103 de maxim 15 minute \u0219i permiterea accesului doar cu purtarea echipamentelor de protec\u021bie pentru boli cu transmitere aerogen\u0103.<\/strong><\/li>\n<li><strong> Izolarea voluntar\u0103 la domiciliu a personalului medical care prezint\u0103 simptomatologie asem\u0103n\u0103toare gripei.<\/strong><\/li>\n<li><strong> Igiena adecvat\u0103 a m\u00e2inilor.<\/strong><\/li>\n<li><strong> Respectarea etichetei tusei \u0219i str\u0103nutului (utilizarea de batiste de unic\u0103 folosin\u021b\u0103 sau tuse\/str\u0103nut la nivelul plicii cotului).<\/strong><\/li>\n<\/ol>\n<p style=\"text-align: center;\"><strong>\u00a0 \u00a0 \u00a0 \u00a0 \u00a0 \u00a0 \u00a0 \u00a0 Program discutii medic curant<\/strong>:<\/p>\n<p style=\"text-align: center;\"><strong>\u00a0 \u00a0 \u00a0 \u00a0 \u00a0 \u00a0 \u00a0 \u00a0 \u00a0LUNI-VINERI: 11-12<\/strong><\/p>\n<p><b>REGULI DE CONDUITA PENTRU VIZITATORI:<br \/>\n<\/b><\/p>\n<ul>\n<li>respectarea programului de vizite afisat;<\/li>\n<li>sa se prezinte la agentul de paza cu un act de identitate pentru a fi trecut in registru si a primi un ecuson pe care sa-l poarte pe toata perioada vizitei;<\/li>\n<li>sa nu introduca in unitate bauturi alcoolice, droguri, obiecte taioase, contondente, etc;<\/li>\n<li>este interzisa folosirea telefonului mobil cu camera foto, aparat de fotografiat sau alte aparate de inregistrare si filmare;<\/li>\n<li>interzis accesul persoanelor in stare de ebrietate sau sub influenta unor substante halucinogene;<\/li>\n<li>interzis accesul vizitatorilor care prezinta semne clinice de infectii acute;<\/li>\n<li>copiii care isi viziteaza rudele in spital trebuie sa fie insoiti si supravegheati tot timpul de catre un adult;<\/li>\n<li>s\u01ce poarte echipament de protec\u021bie adaptat \u00een func\u021bie de gradul de risc al sec\u021biei;<\/li>\n<li>s\u01ce respecte instruc\u021biunile personalului unit\u01ce\u021bii sanitare privind m\u01cesurile interne de prevenire a transmiterii infec\u021biilor;<\/li>\n<\/ul>\n<\/td>\n<\/tr>\n<\/tbody>\n<\/table>\n<p>&nbsp;<\/p>\n","protected":false},"excerpt":{"rendered":"<p>Accesul in cadrul unitatii, program de vizite \u00a0ACCESUL IN CADRUL UNITATII: Accesul este posibil cu mijloace de transport in comun, autoturism . Pentru a parca autoturismul dumneavoastra puteti beneficia de parcarea exterioara a spitalului. Pentru persoanele cu dizabilitati sunt prevazute &hellip; <a href=\"https:\/\/www.spitalpsihiatrieborsa.ro\/?page_id=440\">Continue reading <span class=\"meta-nav\">&rarr;<\/span><\/a><\/p>\n","protected":false},"author":3,"featured_media":0,"parent":14,"menu_order":0,"comment_status":"closed","ping_status":"closed","template":"","meta":{"footnotes":""},"class_list":["post-440","page","type-page","status-publish","hentry"],"_links":{"self":[{"href":"https:\/\/www.spitalpsihiatrieborsa.ro\/index.php?rest_route=\/wp\/v2\/pages\/440","targetHints":{"allow":["GET"]}}],"collection":[{"href":"https:\/\/www.spitalpsihiatrieborsa.ro\/index.php?rest_route=\/wp\/v2\/pages"}],"about":[{"href":"https:\/\/www.spitalpsihiatrieborsa.ro\/index.php?rest_route=\/wp\/v2\/types\/page"}],"author":[{"embeddable":true,"href":"https:\/\/www.spitalpsihiatrieborsa.ro\/index.php?rest_route=\/wp\/v2\/users\/3"}],"replies":[{"embeddable":true,"href":"https:\/\/www.spitalpsihiatrieborsa.ro\/index.php?rest_route=%2Fwp%2Fv2%2Fcomments&post=440"}],"version-history":[{"count":12,"href":"https:\/\/www.spitalpsihiatrieborsa.ro\/index.php?rest_route=\/wp\/v2\/pages\/440\/revisions"}],"predecessor-version":[{"id":4315,"href":"https:\/\/www.spitalpsihiatrieborsa.ro\/index.php?rest_route=\/wp\/v2\/pages\/440\/revisions\/4315"}],"up":[{"embeddable":true,"href":"https:\/\/www.spitalpsihiatrieborsa.ro\/index.php?rest_route=\/wp\/v2\/pages\/14"}],"wp:attachment":[{"href":"https:\/\/www.spitalpsihiatrieborsa.ro\/index.php?rest_route=%2Fwp%2Fv2%2Fmedia&parent=440"}],"curies":[{"name":"wp","href":"https:\/\/api.w.org\/{rel}","templated":true}]}}