
		
		
		
{"id":418,"date":"2014-10-30T11:13:28","date_gmt":"2014-10-30T09:13:28","guid":{"rendered":"http:\/\/www.spitalpsihiatrieborsa.ro\/?page_id=418"},"modified":"2020-02-19T11:00:16","modified_gmt":"2020-02-19T09:00:16","slug":"programe","status":"publish","type":"page","link":"https:\/\/www.spitalpsihiatrieborsa.ro\/?page_id=418","title":{"rendered":"Programe"},"content":{"rendered":"<p style=\"text-align: center;\"><strong>Programul Sfantul Dimitrie Basarabov\u00a0<\/strong><\/p>\n<p><strong>Parteneri :\u00a0<\/strong><\/p>\n<p>Spitalul de Boli Psihice Cronice Borsa, jud.Cluj ;<\/p>\n<p>Asociatia Filantropica Medical Crestina\u00a0 \u201eChristiana \u201e \u2013 Programul Sfantul Dimitrie Basarabov\u00a0<strong>\u2013\u00a0<\/strong>informare si consiliere in adictii<\/p>\n<p><strong>\u00a0Scopul programului<\/strong>\u00a0:<\/p>\n<p>\u2013\u00a0\u00a0\u00a0\u00a0\u00a0\u00a0\u00a0\u00a0 Consilierea in adictii pentru pacientii internati in spital, cu \u00a0dublu<\/p>\n<p>diagnostic \u2013 psihiatric si dependene de substante;<\/p>\n<p>\u2013\u00a0\u00a0\u00a0\u00a0\u00a0\u00a0\u00a0\u00a0 Organizarea si medierea grupurilor de consiliere desfasurate la nivelul\u00a0 spitalului;<\/p>\n<p>\u2013\u00a0\u00a0\u00a0\u00a0\u00a0\u00a0\u00a0\u00a0 Constituirea echipelor multidisciplinare, impreuna cu angajatii spitalului ( medic, asistent social, psiholog , consilier in adictii ) in scopul cresterii compliantei si randamentului tratamentului medicamentos;<\/p>\n<p style=\"text-align: center;\"><strong>Programul de Ergoterapie<\/strong><\/p>\n<p><strong>Parteneri :\u00a0<\/strong><\/p>\n<p>Spitalul de Boli Psihice Cronice Borsa, jud.Cluj<\/p>\n<p>Asociatia Transilvania pentru Promovarea Bolnavilor Psihici<\/p>\n<p><strong>Scopul programului<\/strong>\u00a0:<\/p>\n<p>\u2013\u00a0\u00a0\u00a0\u00a0\u00a0\u00a0\u00a0\u00a0 Acordarea de spijin material si logistic pentru desfasurarea si dezvoltarea activitatilor de ergoterapie din cadrul spitalului;<\/p>\n<p>\u2013\u00a0\u00a0\u00a0\u00a0\u00a0\u00a0\u00a0\u00a0 Desfasurarea de activitati de formare profesionala si schimburi de experienta pentru personalul unitatilor implicate;<\/p>\n<p>\u2013\u00a0\u00a0\u00a0\u00a0\u00a0\u00a0\u00a0\u00a0 Promovarea imaginii publice a pacientilor cu afectiuni psihice, reducerea stigmei la care acestia sunt supusi .<\/p>\n<p>&nbsp;<\/p>\n<p>&nbsp;<\/p>\n<p style=\"text-align: center;\">\u00a0\u00a0\u00a0\u00a0\u00a0\u00a0\u00a0\u00a0\u00a0\u00a0\u00a0 <strong>Program de consiliere \u0219i terapie pentru reintegrarea \u00een sistemul familial \u0219i social <\/strong><\/p>\n<p>&nbsp;<\/p>\n<p>Spitalul de Boli Psihice Cronice Borsa, jud.Cluj<\/p>\n<p>Personalul angajat al spitalului: Psiholog \u0219i Asistent Social<\/p>\n<p><strong>Scopul programului<\/strong>\u00a0:<\/p>\n<p>\u2013\u00a0\u00a0\u00a0\u00a0\u00a0\u00a0\u00a0\u00a0Dezvoltarea abilit\u0103\u021bilor sociale de baz\u0103 \u0219i reinser\u021bia sociofamilial\u0103;<\/p>\n<p>&nbsp;<\/p>\n<ul>\n<li>Transmiterea unor informa\u021bii care\u00a0 ajut\u0103 la dezvoltarea optim\u0103 a preg\u0103tirii pentru via\u0163a de adult a fiec\u0103rui pacient dup\u0103 externare.<\/li>\n<\/ul>\n","protected":false},"excerpt":{"rendered":"<p>Programul Sfantul Dimitrie Basarabov\u00a0 Parteneri :\u00a0 Spitalul de Boli Psihice Cronice Borsa, jud.Cluj ; Asociatia Filantropica Medical Crestina\u00a0 \u201eChristiana \u201e \u2013 Programul Sfantul Dimitrie Basarabov\u00a0\u2013\u00a0informare si consiliere in adictii \u00a0Scopul programului\u00a0: \u2013\u00a0\u00a0\u00a0\u00a0\u00a0\u00a0\u00a0\u00a0 Consilierea in adictii pentru pacientii internati in spital, &hellip; <a href=\"https:\/\/www.spitalpsihiatrieborsa.ro\/?page_id=418\">Continue reading <span class=\"meta-nav\">&rarr;<\/span><\/a><\/p>\n","protected":false},"author":3,"featured_media":0,"parent":15,"menu_order":0,"comment_status":"closed","ping_status":"closed","template":"","meta":{"footnotes":""},"class_list":["post-418","page","type-page","status-publish","hentry"],"_links":{"self":[{"href":"https:\/\/www.spitalpsihiatrieborsa.ro\/index.php?rest_route=\/wp\/v2\/pages\/418","targetHints":{"allow":["GET"]}}],"collection":[{"href":"https:\/\/www.spitalpsihiatrieborsa.ro\/index.php?rest_route=\/wp\/v2\/pages"}],"about":[{"href":"https:\/\/www.spitalpsihiatrieborsa.ro\/index.php?rest_route=\/wp\/v2\/types\/page"}],"author":[{"embeddable":true,"href":"https:\/\/www.spitalpsihiatrieborsa.ro\/index.php?rest_route=\/wp\/v2\/users\/3"}],"replies":[{"embeddable":true,"href":"https:\/\/www.spitalpsihiatrieborsa.ro\/index.php?rest_route=%2Fwp%2Fv2%2Fcomments&post=418"}],"version-history":[{"count":8,"href":"https:\/\/www.spitalpsihiatrieborsa.ro\/index.php?rest_route=\/wp\/v2\/pages\/418\/revisions"}],"predecessor-version":[{"id":1514,"href":"https:\/\/www.spitalpsihiatrieborsa.ro\/index.php?rest_route=\/wp\/v2\/pages\/418\/revisions\/1514"}],"up":[{"embeddable":true,"href":"https:\/\/www.spitalpsihiatrieborsa.ro\/index.php?rest_route=\/wp\/v2\/pages\/15"}],"wp:attachment":[{"href":"https:\/\/www.spitalpsihiatrieborsa.ro\/index.php?rest_route=%2Fwp%2Fv2%2Fmedia&parent=418"}],"curies":[{"name":"wp","href":"https:\/\/api.w.org\/{rel}","templated":true}]}}